the prime factors of t?
3
Let a be (0 + 61)*5/5. Let c = a + -43. List the prime factors of c.
2, 3
Let a(d) = -d + 7. Let t be a(4). Suppose 20 = t*y + 8. Suppose -3*h - y*l + 23 = 0, -h + 0*l = -l - 17. What are the prime factors of h?
13
Suppose f - 431 = -5*y + 331, 3*f = -y + 158. What are the prime factors of y?
2, 19
Let a(u) = u**3 - 4*u**2 - 15*u + 11. List the prime factors of a(7).
53
Let b be (-3)/9*-3*0. Suppose -z + 10 - 3 = b. List the prime factors of z.
7
Let j(a) be the third derivative of a**5/60 + a**4/24 - a**3/6 + 2*a**2. Let h(i) = 5*i**2 + 3*i - 5. Let r(s) = h(s) - 4*j(s). List the prime factors of r(-2).
5
Let f = -13 + 5. Suppose 5*b - 15 = -5*h, 5*b = -3*h + b + 12. Let c = h - f. What are the prime factors of c?
2
Let r = -9 + 98. What are the prime factors of r?
89
Suppose -5*p - 4 + 19 = 0. Let y = 2 + p. What are the prime factors of y?
5
Let q(u) be the first derivative of u**2 + 4. What are the prime factors of q(11)?
2, 11
Suppose 6*n + 10 = 8*n. What are the prime factors of n?
5
Let f(s) = s - 3. Let v be f(5). Suppose 8 = 2*q + v. What are the prime factors of (-2)/q + (-17)/(-3)?
5
Let i(w) = w**3 + 2*w**2 - 3*w + 3. Let h be i(-3). Suppose 0*l + 5*l = 3*s + 6, h*s - l - 6 = 0. List the prime factors of s.
3
Let h = 403 - 287. List the prime factors of h.
2, 29
Let b = -7 - 1. Let u(z) be the second derivative of -z**5/20 - 2*z**4/3 + 9*z**2/2 - z. What are the prime factors of u(b)?
3
Let t(b) = 3*b + 3 + 0*b + 0 - 4*b. List the prime factors of t(-9).
2, 3
List the prime factors of (-4368)/(-32)*4/6.
7, 13
What are the prime factors of -5*6/(-10) + 155?
2, 79
Suppose o + 10 = 32. Suppose 5*z = -2*u + 24, -4*z - z = u - o. List the prime factors of (-25)/(-3) + z/6.
3
Let q = -60 + 224. List the prime factors of q.
2, 41
Let m(g) = -g**3 - 9*g**2 - 8*g + 2. Let r be m(-8). Let f(o) = o**2 - r*o + 2*o + 1 + 3*o. What are the prime factors of f(-5)?
11
Let i(n) = n**2 + 28*n + 38. List the prime factors of i(-30).
2, 7
Suppose -6 = -4*j - 18. Let h = -4 - j. What are the prime factors of 13 + h + 0/8?
2, 3
Let z(j) = -2*j**2 - 2*j + 7. Let s(o) = -o**2 - o + 7. Let y(p) = 3*s(p) - 2*z(p). List the prime factors of y(0).
7
Let q = 0 + 1. Let a(r) = 3*r + 1. Let u be a(q). Suppose 5*v + 2*s - 57 = -2*s, u*v = -s + 39. List the prime factors of v.
3
Suppose 0 = -3*r - 0 + 15. Suppose 4*l = 2*q + 2*q - 48, 4*l + 58 = r*q. What are the prime factors of q?
2, 5
Suppose 6*y - 132 = 3*y. What are the prime factors of y?
2, 11
Let q(p) = 2*p + 9. List the prime factors of q(19).
47
Suppose -113*c - 1960 = -120*c. What are the prime factors of c?
2, 5, 7
Suppose 54 + 171 = 5*c. What are the prime factors of c?
3, 5
List the prime factors of (-2)/16 - (-1474)/16.
2, 23
Suppose 0 = 5*q + 5*d - 20 - 125, -29 = -q + 4*d. List the prime factors of q.
29
What are the prime factors of 66/4 - (-3)/2?
2, 3
Let m be (15/12)/(1/4). Suppose 3 = 4*o + 5*r - 9, 3*o - 9 = 4*r. Let h = m + o. What are the prime factors of h?
2
Suppose -4 = -3*z + 5. Let r(a) = -5*a**2 - 4*a**3 - 2*a - 3 + 3*a**z + 6*a. List the prime factors of r(-6).
3
Let k be 4/(-22) + 35/11. Suppose -3*w + 41 = 4*a, -k*a + 2*a + 2*w = -24. List the prime factors of a.
2, 7
Let n = -9 + 18. Suppose -3*l = -p - l + 8, p - n = l. List the prime factors of p.
2, 5
Let u(z) = 2*z + 8. Let g(r) = 1. Let a(o) = 4*g(o) - u(o). Let h be a(-4). Suppose -h*y = y - 10. What are the prime factors of y?
2
Let j(s) = -s**3 - 3*s**2 - 6*s - 7. What are the prime factors of j(-4)?
3, 11
Suppose -3*v + 3*x - 91 = -28, 5*x = -2*v - 21. Suppose -2*m + 1 = y - 25, -y + 32 = -m. Let g = v + y. List the prime factors of g.
2, 3
Suppose 0 = l + 4*b - 6, -5*l - 2*b = -14 + 2. Suppose l*d + 2*f = 20, -3*d - 4*f + 2 = -23. What are the prime factors of d?
3, 5
Let w be 318/(-30) + 4/(-10). Let f = -6 - w. Suppose -3*t - 22 = -g, -55 = -5*g + f*t - t. List the prime factors of g.
7
Suppose 2*g - 154 = 68. What are the prime factors of g?
3, 37
Let i(c) be the third derivative of -11*c**4/6 - c**3/3 + 3*c**2. List the prime factors of i(-1).
2, 3, 7
Let l = 14 - 10. Suppose -l*q + 0*d - 3*d + 14 = 0, 3*d = -6. Suppose -q*b = -3*r + 19, 2*r + 0*r - b = 22. What are the prime factors of r?
13
Suppose -3 = -2*w + 7. Let b = w + 12. List the prime factors of b.
17
Suppose y = -4*y - 10. List the prime factors of y + 44/(4 + -2).
2, 5
Let z = 504 - 333. What are the prime factors of z?
3, 19
Let u = -5 + -31. Let w be (u/(-16))/((-6)/(-16)). Suppose -3*z = -w - 0. List the prime factors of z.
2
Let h be 1/(-8)*(-7 - 1). Let p be 1 - 1/(1/(-3)). Let u = h + p. List the prime factors of u.
5
Suppose 3*o + 111 = k, -o - 37 = -k - 0*k. Let j be 2/(-4)*(-3 - o). Let w = j + 29. What are the prime factors of w?
2, 3
Let w = -46 + 92. Suppose -2*j = 4*p - w, 4*p = -4*j - 19 + 91. What are the prime factors of j?
13
Suppose -6*y + 665 = -y. Suppose -41 = 4*p - y. What are the prime factors of p?
23
Suppose -83 = -2*b + 19. What are the prime factors of b?
3, 17
Suppose 450 = 5*g - 65. List the prime factors of g.
103
Suppose y - r - 12 = 0, 5*y + 2*r = y + 60. What are the prime factors of y?
2, 7
Let j(k) = -k - 3. Let f be j(-3). Suppose -i + 3*i - 4 = f. What are the prime factors of 1*-2 - i*-2?
2
Let o(t) be the second derivative of -4*t**3/3 + t**2 + 2*t. Let s be o(-2). Suppose 0 = 5*b + 5*g - 30, 3*b - 61 = 2*g - s. What are the prime factors of b?
11
Let x be 1/(-4) + 522/8. Let d = -38 + x. List the prime factors of d.
3
Suppose -18 = -5*g - 3. Let s = 3 + -1. Suppose 0 = -g*x + s*x + 2. What are the prime factors of x?
2
Let o(k) = k**2 + 8*k + 7. Let p be o(-7). Suppose -2*t = -2*v - p*t + 2, -v - t + 9 = 0. List the prime factors of v.
5
Let r(q) = q**3 + 9*q**2 - 14*q + 2. List the prime factors of r(-10).
2, 3, 7
Let y(h) = h**2 + 6*h + 5. Let f be y(-5). Suppose 15 = -3*k + 5*g, -2*k + 4*g = -f*g + 12. Suppose k*w + w = 2. What are the prime factors of w?
2
Let u(r) = 3*r**2 - 7*r + 5. What are the prime factors of u(4)?
5
Let h = 57 + -13. List the prime factors of h.
2, 11
Suppose 59 = -10*n + 849. What are the prime factors of n?
79
Let s(t) = -4*t - 1. Let b(p) = -12*p - 4. Let d(z) = 3*b(z) - 10*s(z). List the prime factors of d(1).
2
List the prime factors of ((-76)/(-5))/(4/10).
2, 19
Let l(v) = v**3 + 10*v**2 - 10*v - 1. List the prime factors of l(-10).
3, 11
List the prime factors of -4*-4*(4 + -2).
2
Let y be ((-1)/(-2))/((-2)/(-20)). Suppose 28 = 4*z - m - y, -z + 2 = m. What are the prime factors of z?
7
Suppose 0 = f + s - 67, f - 67 = s - 0. Suppose 3 = 2*r - f. List the prime factors of r.
5, 7
Suppose 0 = l - 2 - 8. Suppose l = u - 5. Suppose -4*a + 5*r + 60 = 0, -2*a + 5*r + u = -15. What are the prime factors of a?
3, 5
Suppose 0 = r + t + 2*t, -r + 3*t = -6. List the prime factors of (3 + -1)/(2/r).
3
Let u = 57 - 37. What are the prime factors of u?
2, 5
Suppose -99 = -4*a + a. Let t = a - 8. List the prime factors of t.
5
Let n(b) = b**3 + 4*b**2 + 6. Let a(l) = 2*l**3 + 7*l**2 - l + 13. Let x(p) = 2*a(p) - 5*n(p). Let o be x(-6). What are the prime factors of o/(-6)*(-9 + 0)?
2, 3
Let x = 0 + 0. Suppose q = -x*q. Suppose 3*b - 15 + 6 = q. What are the prime factors of b?
3
Let u = -38 + 77. List the prime factors of u.
3, 13
Suppose 0 = -2*p - 2*p + 28. Suppose -f = 2*x - 4*f - p, 0 = -5*x + 5*f + 15. Suppose 4*r = q + 2, -x*q - r = -7 - 7. What are the prime factors of q?
2, 3
Let n = 115 - 73. What are the prime factors of (3 + 2)*n/5?
2, 3, 7
Let k(s) = 4*s**2 + 13*s - 42. What are the prime factors of k(7)?
5, 7
Let y = 26 + -7. Suppose 5*z - 6*z = -5. Suppose -2*r + 5*f - y = -8, -3*f + z = -2*r. List the prime factors of r.
2
Let k = 216 + -72. List the prime factors of k.
2, 3
Let k(f) = 5*f + 22. List the prime factors of k(19).
3, 13
Suppose -4*y + 2*y - 12 = 0. Let k(n) = n**3 + 5*n**2 - 7*n - 4. Let c be k(y). Suppose -4*h + 38 = -g + 3*g, -c*h = -4*g - 24. What are the prime factors of h?
2, 5
Suppose 5 = 5*g, -5*i = g - 6*g - 1115. What are the prime factors of i?
2, 7
Suppose 3*s - 2 = 2*s. Suppose 42 + 6 = s*h. List the prime factors of h.
2, 3
Let u(g) = 5*g**2. List the prime factors of u(-2).
2, 5
Let b = -25 + 28. What are the prime factors